s**2 + 4*s + 10. Suppose 5*t - 2*t = -5*u - 8, -5*u = 2*t + 12. What is the tens digit of w(u)?
0
Suppose 0 = -309*q + 311*q - 8026. What is the hundreds digit of q?
0
Let o be (6/(-24))/(1/(-12)). Suppose o*f - 8*f = -150. What is the tens digit of f?
3
What is the units digit of (-2)/(-5) + 159*56/15?
4
Let x(v) = v**3 + 2*v**2 - 4*v - 5. Let y be x(-2). Let z = 37 + y. What is the tens digit of z?
4
What is the hundreds digit of 24872/104 + 12/(-78)?
2
Let s = 52 - 87. Let n be (-465)/s + (-4)/14. Suppose -i + 4*u = -u - n, 0 = -i - u + 1. What is the units digit of i?
3
Let n = -39 - -75. Let d = n + 24. Suppose 2*m = -0*m + d. What is the tens digit of m?
3
Suppose 2*q - 28 = -2*q. Let r be (-4)/q - (-828)/126. What is the units digit of 2 - -10 - (2 - r)?
6
Let m be 12/3 + -17 - 2. Let j = m - -33. What is the tens digit of j?
1
Let u = 1518 + 1445. What is the thousands digit of u?
2
Let v = 312 + 112. What is the tens digit of v?
2
Let m(i) = -2*i**3 + 2*i + 22. What is the units digit of m(-6)?
2
Suppose 7*n - 5*n = 884. What is the tens digit of n?
4
Let i(d) = -405*d + 463. What is the hundreds digit of i(-3)?
6
Suppose -5*s = -2*v - 128, 2*v + 3*s - 132 = 4*v. Let k = 4 - v. What is the tens digit of k?
7
Let u(g) = g + 12. Let s(i) be the third derivative of i**4/24 - i**3/6 - 2*i**2. Let o be s(-10). What is the units digit of u(o)?
1
Let p(r) = r**2 + 2*r + 3. Suppose -2 = -5*x - 37. What is the units digit of p(x)?
8
Let v = 1578 + -1052. What is the units digit of 17/68 - v/(-8)?
6
Suppose -2*t + t + 22 = 5*b, -23 = -4*b + t. Suppose -b*l = 3*z - 49, 2 = 3*l + 4*z - 23. What is the tens digit of l?
1
Let d(n) = 6*n**2 - 60*n - 62. What is the hundreds digit of d(18)?
8
Let d = -350 - 278. Let r = d + 899. What is the tens digit of r?
7
Let j = -308 + 753. What is the tens digit of j?
4
Suppose 3*z + 2*g = -3*g - 1253, z + 418 = -2*g. Let p be (-2)/(-5) - z/10. What is the tens digit of ((-12)/7)/((-3)/p)?
2
Let w(s) = -4*s - 1. Let j be w(-3). Suppose 6*l - j = 481. What is the units digit of l?
2
Suppose 48*q - 2585 = 43*q. What is the tens digit of q?
1
Let o = -77 - -55. Let v = o - -22. Suppose v = -4*s - 0*s + 156. What is the units digit of s?
9
Let o(x) = -2*x**2 - 3*x + 5. Let d be o(6). Let g = d - -89. What is the units digit of g?
4
Let k(c) = -2588*c - 180. What is the thousands digit of k(-2)?
4
Let d(i) = i**2 + 5*i + 84. What is the hundreds digit of d(21)?
6
Let c(j) = -30*j + 12. Let s = 21 - 30. What is the units digit of c(s)?
2
Suppose 8 = -2*w - o - 0, -o - 14 = 5*w. Let n = w + 28. What is the units digit of n?
6
Suppose -5*z + 4*j = -442, 7*z - 3*z + 5*j = 370. Let d = z + -54. What is the tens digit of d?
3
Let p(z) = 2*z + 17. Let f be p(-6). Suppose -302 = -3*h + 4*d, f*h - 6*h + 106 = 4*d. What is the tens digit of h?
0
Let w(u) = 182*u + 1. Let y be w(1). Let a = y + -107. What is the tens digit of a?
7
Let z be ((-6)/(-6))/(2/10). Suppose 6*j - j - z = 5*f, -4*j + 4 = 2*f. What is the units digit of -2*(j/2 - 1)?
1
Let o(v) = 4*v - 11 - 8*v + 2*v - v**2 - 10*v. Let r be o(-11). What is the units digit of 1 + r + 3 + -3?
1
Suppose -2*n + 6*n = 1596. What is the hundreds digit of n?
3
Let l(m) = -51*m - 10. Let v be l(-6). Let f = v - 99. What is the units digit of f?
7
Let k(p) = 7*p - 8. Let r = 7 - -5. What is the units digit of k(r)?
6
Suppose 6 = 2*n - 5*g, -3*n - 2*g + 4*g + 9 = 0. Suppose -k + 32 = -2*x, -2*k = -n*x - 68 + 3. Let r = 67 - k. What is the tens digit of r?
3
Let c be 5 + -6 + 1*31. Let f be 2 - (-1)/((-2)/c). Let m = -6 - f. What is the units digit of m?
7
Let l(y) = y**3 + 6*y**2 - 2*y - 3. Let k be l(-5). Suppose 4 = 2*j - 8. Suppose -2*w = -j*w + k. What is the units digit of w?
8
Let a = 1117 - -324. What is the units digit of a?
1
Let z(v) = -v**3 - 13*v**2 - 13*v - 6. Let i be z(-12). Suppose -i*f + 20 = -f. Suppose -3 = -3*t, -f*s - 4*t + 0*t = -44. What is the tens digit of s?
1
Suppose -4*j - 995 = -2*v - j, 2*j = 2. What is the units digit of v?
9
Suppose 16 = -8*f + 12*f. Suppose y - 208 = -0*l + l, -f*y + 2*l = -830. What is the hundreds digit of y?
2
Suppose -3*f - 1 = -49. Let q = f + -18. What is the tens digit of (0 + 2 - -32) + q?
3
Let l(j) = 4*j**2 - 7*j - 12. Let k(d) = 3*d + 33. Let b be k(-13). What is the units digit of l(b)?
4
Let z(w) = 9*w + 2. Let q(o) = -37*o - 10. Let b(s) = 37*s + 11. Let l(p) = -2*b(p) - 3*q(p). Let n(k) = -2*l(k) + 9*z(k). What is the tens digit of n(11)?
7
Suppose 5*s - 3*a = 3*s - 49, -113 = 4*s - a. Let l be (-28)/126 - s/9. Suppose -9 = l*c - 57. What is the tens digit of c?
1
What is the units digit of (51/(-68))/((-3)/8) - -16?
8
What is the tens digit of 5 + (-45)/10 - (-6657)/6?
1
Let y be -2*(-2 - -3) + -2. What is the hundreds digit of ((-12)/(-9) - 1)*(847 + y)?
2
Let s(q) = -16*q - 4*q - 5*q**2 - 2*q**2 - 7*q**2 - 19 - q**3. What is the units digit of s(-13)?
2
Suppose -8 = -5*p + 5*q + 27, -p - q + 5 = 0. Suppose -p*a + 378 = 8*a. What is the units digit of a?
7
Let y(k) = 6*k**3 - 4*k**2 - 2*k + 7. Let q be y(5). Suppose -7*c + q = -46. What is the units digit of c?
9
Let w(q) = q**3 + 15*q**2 - q + 22. Let n be w(-15). Let r be 1/(-1)*-2 + n. Suppose r = -2*t + 117. What is the units digit of t?
9
Let j(d) = 3*d**2 - 3*d + 3. Let y be j(1). What is the units digit of 0 + y + (-100)/(-20)?
8
Suppose -8*u + 2*u + 6 = 0. What is the units digit of -67*(-2 - (u + -2))?
7
Let f be (6 - -10)/(12/9 + -2). What is the units digit of (7 + (-36)/(-8))/((-2)/f)?
8
Let n(l) = -2*l + 1. Let p be n(-1). Suppose 3*c = -3*s + c + 7, 0 = 3*s - p*c + 3. Suppose -i = -29 + s. What is the tens digit of i?
2
Let u(x) = -25*x + 3. What is the tens digit of u(-20)?
0
Let w(c) = c**3 - 5*c**2 - 5*c - 8. Let t be w(6). Suppose 2*i - 10 = 4*i. What is the units digit of (-273)/i - t/5?
5
Suppose 0 = -q - v - 8 - 3, 3*q + 41 = -5*v. Let f = q - -29. What is the tens digit of f?
2
Suppose 2*z = -10, 4*z + 6 = -3*m - 20. Let b = m - 6. Let a(r) = -r**2 - 11*r - 2. What is the tens digit of a(b)?
2
Let a be 2 + -3 - (28 + (-1)/(-1)). What is the tens digit of (-80)/a*(-57)/(-2)?
7
Suppose 14*r = 18*r - 44. Let u = 87 - r. What is the units digit of 3/(-9) + u/3?
5
Suppose 22 + 173 = -15*z. Let c(r) = 6*r. Let g be c(-1). What is the units digit of (g - z)*(-1 + 2)?
7
Suppose 31*d = 29*d + 674. Let s = d + -240. What is the units digit of s?
7
Let r(c) = 6*c**2 - 18*c - 12. Let h(l) = 5*l**2 - 18*l - 13. Let m(j) = -5*h(j) + 4*r(j). Let v = 40 - 27. What is the tens digit of m(v)?
8
Suppose 2*q + 1268 = 4*b, b + q - 308 = 6*q. What is the units digit of b?
8
Let i(u) = 42*u - 2*u**3 + 0*u**3 - 12*u**2 - 41*u + 8. What is the hundreds digit of i(-8)?
2
Suppose 0 = -5*l + 202 + 53. Let p(a) = -3*a**2 + 2*a - 3. Let z be p(2). Let r = l + z. What is the tens digit of r?
4
Suppose 4360 = 13*u - 3*u. Let f = -304 + u. What is the units digit of f?
2
Let g(o) = -11*o**2 - 2*o + 611. What is the tens digit of g(0)?
1
Suppose 30 = i + 2*b + 2*b, b + 35 = 4*i. Let q = 15 + i. What is the tens digit of 1/(-1) + q/1?
2
Let u(l) = 60*l**2 + 5*l + 20. What is the units digit of u(5)?
5
Suppose 0 = -y - k - 16, -2*y - k + 74 = -6*y. Let j = y + 25. What is the units digit of j?
7
Suppose 2 = -3*t + 4*t. Suppose h + 3*m = m, t*h - 20 = m. Let a = 0 + h. What is the units digit of a?
8
Suppose -3*r + 0 = -15. Suppose 0 = -2*h + r*b + 4 + 3, 5*b = 5. What is the units digit of 8/12 - h/(-18)?
1
Let p = -5 + 8. Suppose -p*l = 2*l - 280. What is the units digit of (-6 + -3)/3 + l?
3
Let f = 6 - 2. Suppose -f*v + 21 = b, 0*v - 2*v + 6 = -4*b. Suppose -4*z = -v*i + 45 + 78, i - 19 = -2*z. What is the units digit of i?
3
Let w(q) = 6*q**3 - 2*q**2 + 9*q + 87. What is the hundreds digit of w(8)?
1
Let h(d) = -5*d - 5. Let v be h(-7). Suppose 300 = 6*y - v. What is the units digit of y?
5
Let i = 13 - 18. Let l be -4 - (8/4 - 1410). What is the tens digit of l/20 + 1/i?
7
Let f = 2187 + -1121. What is the thousands digit of f?
1
Let r = 15 - 13. Suppose 0 = -r*u + u + 6. What is the tens digit of (4/(-10))/(u/(-390))?
2
Let r = -36 + 0. Let y = r - -15. What is the tens digit of y/(4/(-64)*6)?
5
What is the units digit of (-13624)/(-32) + 2/8?
6
Let q(a) = a**3 + 4*